80*m - 9895. List the prime factors of m.
1979
Suppose -88*p + 30*p = -822614. What are the prime factors of p?
13, 1091
Let m(k) = 2*k**3 - 108*k**2 + 166*k + 181. List the prime factors of m(53).
3361
Let p(r) = -r**3 - 13*r**2 - 9*r + 33. Let a be p(-12). Let w(s) = 35*s**2 - s + 6. What are the prime factors of w(a)?
2, 3
Let k(n) = 3*n**2 + 21*n - n**2 - 2*n**2 + 3*n**2 + 139 - n**2. What are the prime factors of k(-21)?
2, 5, 29
Suppose -65 = -4*j + 8*s - 3*s, -2*j + 4*s = -28. Let q = j + 223. List the prime factors of q.
3
Let z be 11 - (-1)/((-6)/30). Suppose 3*r = 5*a - 378, -2*a - a = 5*r - 220. Let f = a + z. What are the prime factors of f?
3
Let k(m) be the third derivative of -1/120*m**6 + 0 + 0*m - 1/4*m**4 + 5/6*m**3 - 32*m**2 + 2/15*m**5. List the prime factors of k(6).
41
Let g(m) = 68*m - 9 + 63*m + 25 - 238*m. What are the prime factors of g(-11)?
1193
Suppose 4*o = 1 + 79. Suppose 5*f + 46 + 34 = 0. List the prime factors of 1 - -92 - (o + f).
89
Let l(z) = -7*z - 135 + 24*z - 128*z + 163. What are the prime factors of l(-5)?
11, 53
Suppose 25*g - 45153 + 1478112 = 198*g. What are the prime factors of g?
3, 11, 251
Let o = -411 - -243. List the prime factors of 15/((-20)/o + 0).
2, 3, 7
Let p(k) = -517*k**3 - 2*k**2 + 84*k + 364. What are the prime factors of p(-5)?
7, 13, 709
Let p = -5 - 0. Let r(l) = 14*l**2 - 12*l**2 + 93*l - 55*l - 13 - 46*l. What are the prime factors of r(p)?
7, 11
Let i(d) = 3*d**2 + 148. Let x be i(13). Let k = x + -348. What are the prime factors of k?
307
Let q(v) = 131*v**2 - 141*v - 34. List the prime factors of q(19).
2, 31, 719
Let y be (-24)/36 - 5/(-3). Let j be 1 - (y - 9)*(-2)/8. Let s(k) = 45*k**2 - 2*k - 1. What are the prime factors of s(j)?
2, 23
Let s(c) = -c**3 - 87*c**2 - 22*c - 1896. List the prime factors of s(-91).
2, 5, 3323
Suppose -l + 3*n + 35337 = 0, 362*l - 360*l + 5*n = 70696. What are the prime factors of l?
3, 7, 11, 17
Let n(g) = -g**3 + 153*g + 21*g**2 + 78 - 283*g + 143*g. List the prime factors of n(20).
2, 3, 41
Let b be 1/5 - 63025/125. Let z = b - -934. List the prime factors of z.
2, 5, 43
List the prime factors of (6 - 1)*(5122/5 + (-21)/(-35)).
5, 41
Let t = 59020 - 34370. What are the prime factors of t?
2, 5, 17, 29
Let s(d) = -43*d + 4 - 7 - 15 + 0. Let w be s(-6). Let m = w + -95. What are the prime factors of m?
5, 29
Suppose 5*o - 1241 = n + 3*n, -3*o + 5*n + 742 = 0. Let w = -46 + o. What are the prime factors of w?
7, 29
Let i(x) = -x**3 - 13*x**2 - 13*x - 12. Let n be i(-12). Suppose r - 4*s - 380 = n, 4*r - 4*s - 1464 = -2*s. What are the prime factors of r?
2, 7, 13
List the prime factors of 3 - ((-52)/130 - (-352269)/(-15)).
2, 367
Let d be (9/6 - 1)*254. Suppose -3*n - 1488 = -5*z, -5*z - 127 = 2*n - 1610. Let m = z - d. List the prime factors of m.
2, 5, 17
Suppose -5*q - 10 = -15, -91600 = -4*l - 8*q. List the prime factors of l.
2, 107
Suppose 2*a + 3*a - 10 = 0. Let v(p) = -a*p - 10*p**2 - 4 + p**3 - 3*p - 5*p. List the prime factors of v(11).
7
Suppose -4*s - 14 = -a, -4*s - 3*a = -a + 8. List the prime factors of 21/s*(18 - 136).
2, 7, 59
Let m be 615/12 + (-1)/4. Let x = -48 + m. Suppose -128 = -x*t - 35. List the prime factors of t.
31
Let h(n) = 201*n - 60. What are the prime factors of h(4)?
2, 3, 31
Let w(a) = -a**3 + 16*a**2 + 16*a + 23. Let v be w(17). Suppose 5*o - 5 = v*o, -4*o = 4*c - 1956. List the prime factors of c.
2, 13, 19
Let c(y) = 9743*y + 2148. What are the prime factors of c(4)?
2, 5, 257
Let b(k) = 5 - 6*k - 9*k + 77*k**3 + 9*k**2 + 0*k**2 + 0*k. List the prime factors of b(2).
3, 11, 19
What are the prime factors of -1 + (20 - -23402) + 12?
3, 73, 107
Let l(m) = -4*m + 11. Let s be l(-3). Suppose -26*o + 162 = -s*o. What are the prime factors of -10*(1 + -3 - o/4)?
5, 31
Suppose 2*k - 72 = 3*l, k = l - 13 + 48. List the prime factors of k.
3, 11
Suppose 56054 = 6*n - 21316. Suppose 5*m + 6*v - v = n, 4*m - 3*v = 10309. List the prime factors of 2/(-9) - m/(-18).
11, 13
Suppose -4*d = 4*k - 18548, 2*k + 5*d - 4029 = 5236. List the prime factors of k.
2, 5, 29
Suppose 2793 = y + 2*a + 2*a, 7 = 7*a. What are the prime factors of y?
2789
Suppose -61 + 64 = 3*z. Let f be z - -3 - 2 - (3 - 277). Suppose 2*m - 6*m = 3*k - 311, 0 = 4*m - 4*k - f. What are the prime factors of m?
2, 37
Suppose 0 = 2*l + l - 24. Suppose -11*w - 4*w = -195. Suppose w*b - 285 = l*b. List the prime factors of b.
3, 19
Suppose -v - 5052 = -5*m, 2*m - 4*v - 999 = m. Let b = m - 502. Let k = b + -349. List the prime factors of k.
2, 5
Suppose 5*m + 130 = -8*m. List the prime factors of (-120)/m*-586*4/(-24).
2, 293
Let s(n) = 4248*n - 581. List the prime factors of s(7).
5, 7, 17
Let a(y) = -y - 8. Let t(z) = 1. Let r(i) = a(i) + 2*t(i). Let l be r(-4). Let v(g) = -3*g**3 + g**2 - 2*g. List the prime factors of v(l).
2
Let u(q) = -q**3 - 4*q**2 + 72*q + 290. What are the prime factors of u(-27)?
7, 17, 127
Let v = 36483 - 24681. What are the prime factors of v?
2, 3, 7, 281
Suppose 0*z - 3*y = -5*z - 2468, -4*z - 1970 = 2*y. Let t = z + 910. List the prime factors of t.
3, 139
Suppose -n = -5*l + 1438 + 1676, -4*l + 2*n + 2490 = 0. List the prime factors of l.
7, 89
Suppose 0 = -i - p + 6, 3*i + 5*p - 3*p - 16 = 0. Suppose -d = -i*m - 28, 3*m - 140 = -5*d + 2*m. Let g = d - -21. What are the prime factors of g?
7
Let r be (-2)/(-8) + 292/(-16). Let p be 135/r*(-4)/6. Suppose -2*w - 3*w - 5*v = -70, -p*w = v - 66. What are the prime factors of w?
13
Suppose -18 = 5*o + 4*g, 0*g - 3*g = -9. List the prime factors of o/12 + (-4503)/(-6).
2, 3, 5
Let o(f) = 201*f**2 - 13*f - 2. Let m be o(2). Let x = m - 489. List the prime factors of x.
7, 41
Let p be (-3)/(1/(10/(-3))). List the prime factors of (-598)/(-2) + 33/(-3) + p.
2, 149
Suppose 7*t - 7065 = -1787. Suppose -44*o + 57*o = t. List the prime factors of o.
2, 29
Let d(c) = c**2 + 7*c + 14. Let v = 249 + -253. List the prime factors of d(v).
2
Let r(o) = -17*o - 10. Suppose -3*a - 5 = -2*m - 3*m, 4*a - 20 = 0. Let v(d) = -33*d - 19. Let w(x) = m*v(x) - 7*r(x). List the prime factors of w(-7).
5, 17
Let y(c) = 227*c + 10203. What are the prime factors of y(108)?
3, 71, 163
Suppose 116 = -2*v + 16. Let i = -15 - v. What are the prime factors of i - (1 + -3 + 1)?
2, 3
Suppose 0 = 7*n - 49 + 14. Suppose 0 = -2*l + 2*t + 904, -n*l + 2220 = 8*t - 3*t. List the prime factors of l.
2, 7
Let u = 90 - 88. Suppose 0 = 5*n - q - 2633, -4*n - u*q + 2110 = -q. Let x = 838 - n. List the prime factors of x.
311
Suppose -4*b + 24 = -2*j, 4*b - j = 3*j + 16. Let t be 0 + 242 - 32/b. Suppose -11*n + t = -9*n. List the prime factors of n.
7, 17
Let c = 26054 - 16861. What are the prime factors of c?
29, 317
Let y(a) = 44*a - 168. Let d be y(6). Suppose d*m = 91*m + 80. What are the prime factors of m?
2
Let j(r) = -8*r**2 + 2*r + 133. Let l be j(0). Let a = 229 - l. List the prime factors of a.
2, 3
Let f(w) = -w**3 + 43*w**2 + 28*w + 706. Let z be f(44). Let x(y) = 103*y - 5. Let t be x(5). Suppose z*b + 3*b - t = 0. What are the prime factors of b?
2, 3, 17
Let b(i) = i**3 + 20*i**2 + 42*i + 11. Let k(w) = w**2 + 11*w - 29. Let g be k(-12). What are the prime factors of b(g)?
2, 41
Suppose o - 5*y = 25, 2*y - 10 = -3*o + 4*y. Let m(z) = -2*z**2 + z - 13. Let j be m(o). What are the prime factors of ((-6)/8)/(j/52)?
3
Let q(h) = -h**2 + 21*h - 20. Let s be q(20). Suppose s = 4*n, -4*b = -n - 0 - 4. List the prime factors of 0/(1 - 3) - (-16 + b).
3, 5
Let b = 14900 - 5586. List the prime factors of b.
2, 4657
Suppose 42*g - 99396 = 30*g. Suppose -8*l + g - 1515 = 0. What are the prime factors of l?
2, 3, 47
Let i(r) = -r**2 + 27*r + 145. Suppose 28*m = 5*m + 690. List the prime factors of i(m).
5, 11
Let m(n) = n**3 + 12*n**2 - 15*n - 32. Let s be m(-13). Let j(p) = 10*p**2 - 3*p - 83. What are the prime factors of j(s)?
5, 59
Suppose 5*q - 3*t = 133558, -13875 - 66259 = -3*q + 2*t. Suppose -24*s - 14*s + q = 0. List the prime factors of s.
19, 37
Let d(h) = -17 - 16 - 2*h**2 + 3*h - 2*h**3 + 45. What are the prime factors of d(-7)?
3, 193
Suppose i - 46 = -43. Let p(u) = 9*u**3 - u**2 + 4*u - 5. List the prime factors of p(i).
241
Let p = -53161 + 132487. List the prime factors of p.
2, 3, 13, 113
Let g(n) = -n